late m(3).
-54
Let s(f) = -f + 7. Give s(6).
1
Let a(z) = z - 4. What is a(1)?
-3
Let p(a) = a**2 + 8*a. Calculate p(-10).
20
Let n(j) = -j**3 - 12*j**2 + 10*j - 24. Calculate n(-13).
15
Let h(t) = t**2 + 23*t + 21. Calculate h(-22).
-1
Let y(f) = 6*f + 5. Give y(2).
17
Let x(w) = w**3 + 8*w**2 + 9*w + 3. What is x(-6)?
21
Let y(v) = 2*v**3 + 10*v**2 - 10*v + 12. What is y(-6)?
0
Let n(i) = -i**2 + i + 24. Determine n(-4).
4
Let t(o) = 10*o**3 + o**2 - 3*o - 1. Calculate t(-2).
-71
Let b(c) = -c**3 + 3*c**2 + 2*c - 9. Determine b(0).
-9
Let b(v) = 3*v + 22. Calculate b(15).
67
Let j(p) = -6*p + 3. What is j(-4)?
27
Let i(m) = 5*m**2 + 56*m + 8. Calculate i(-8).
-120
Let f(w) = 3*w - 19. Calculate f(23).
50
Let d(j) = -j**3 + 13*j**2 - 5*j - 12. What is d(13)?
-77
Let f(i) = 2*i**3 - 18*i**2 + 5*i - 21. What is f(9)?
24
Let v(i) = i + 22. Calculate v(-17).
5
Let s(u) = -6*u - 245. Give s(-41).
1
Let f(n) = -n**3 + 6*n**2 + 8*n + 1. Calculate f(7).
8
Let y(o) = -o**2 - 6. Calculate y(0).
-6
Let x(s) = -2*s**3 + 8*s**2 - 4*s + 3. Calculate x(3).
9
Let r(q) = 2*q - 14. What is r(0)?
-14
Let c(t) = -4*t + 62. Determine c(17).
-6
Let l(z) = -z**2 + 104. Calculate l(-10).
4
Let h(t) = -2*t**3 + t**2 + 2*t + 1. Calculate h(2).
-7
Let g(k) = -19*k - 13. Determine g(-1).
6
Let n(v) = 19*v + 44. Give n(-2).
6
Let a(t) = t**2 + 5*t - 7. Calculate a(-5).
-7
Let n(a) = 3*a**2 + 4*a - 4. Determine n(3).
35
Let t(x) = 45*x**2 - x - 1. Determine t(-1).
45
Let h(t) = 5*t + 189. Determine h(-37).
4
Let y(u) = u**2 + 4*u - 16. What is y(-6)?
-4
Let r(n) = -2*n - 28. What is r(-16)?
4
Let k(o) = 2*o + 3. Give k(5).
13
Let z(a) = a**3 - a**2 - 56*a - 1. What is z(8)?
-1
Let g(z) = -2*z**2 - 37*z + 15. What is g(-19)?
-4
Let z(f) = -59*f**2 - f. Give z(1).
-60
Let d(q) = q**2 - 11*q + 29. Calculate d(8).
5
Let y(s) = s**3 - 5*s**2 - 3*s. What is y(6)?
18
Let y(z) = z**3 - 7*z**2 + 11*z. Give y(5).
5
Let k(i) = i**3 + 10*i**2 + 7*i - 16. Give k(-9).
2
Let x(u) = u**2 - u + 8. Give x(-4).
28
Let c(y) = 40*y - 3. Determine c(1).
37
Let w(q) = -q**3 - 2*q**2 + 2*q + 3. Determine w(-3).
6
Let l(a) = a**3 - 17*a**2 - a + 15. Calculate l(17).
-2
Let x(h) = h**2 - 9*h + 10. Determine x(1).
2
Let y(m) = -m**3 + 4*m**2 - m - 2. Determine y(2).
4
Let b(f) = -f**2 + 10*f - 21. Determine b(9).
-12
Let z(k) = -17*k - 2. What is z(2)?
-36
Let l(t) = t**3 + 11*t**2 + 13*t + 14. Give l(-10).
-16
Let x(j) = 12*j**3 + j. Determine x(1).
13
Let o(n) = -n**3 + 8*n**2 - 11*n + 13. Give o(7).
-15
Let a(r) = -r**3 + 3*r**2 - 8*r + 9. Give a(2).
-3
Let h(n) = n**3 - 2*n**2 - 5*n + 6. Give h(2).
-4
Let n(j) = -j**3 - 11*j**2 - 9*j - 4. Calculate n(-10).
-14
Let g(j) = 17*j + 106. What is g(-7)?
-13
Let t(j) = j**3 - 2. Give t(0).
-2
Let w(z) = 4*z**2 - z - 1. What is w(-1)?
4
Let l(o) = o**3 - 17*o**2 + 32*o - 15. Determine l(15).
15
Let m(s) = -5*s + 3. What is m(2)?
-7
Let o(k) = -k**3 - 4*k**2 + 2*k - 2. Determine o(-4).
-10
Let w(z) = z**3 - 7*z**2 - 25*z + 127. Calculate w(8).
-9
Let t(j) = j**2 - 5*j + 2. Determine t(3).
-4
Let z(k) = k**3 + 6*k**2 + 8*k + 5. What is z(-4)?
5
Let y(q) = q**3 - 4*q**2 + 2. Give y(2).
-6
Let f(v) = v + 6. Calculate f(-2).
4
Let m(j) = -2*j**3 - 3*j**2 + 3*j - 2. Give m(1).
-4
Let i(v) = -v**2 + 4*v - 9. Determine i(5).
-14
Let y(j) = j**2 - j - 4. What is y(3)?
2
Let d(s) = s**2 - 13*s + 17. Give d(12).
5
Let h(r) = -r**2 + 5*r + 4. Determine h(6).
-2
Let g(f) = -4*f**3 - 7*f**2 - 3*f - 1. What is g(-2)?
9
Let d(g) = -g**3 - 11*g**2 - 15*g + 5. Determine d(-8).
-67
Let y(k) = -83*k**3 - 2*k**2 - k + 2. Calculate y(1).
-84
Let h(z) = -z + 12. What is h(11)?
1
Let d(q) = -6*q + 76. Determine d(10).
16
Let u(b) = -2*b + 2. Give u(7).
-12
Let w(s) = -2*s + 9. Give w(8).
-7
Let q(x) = -2*x**2 - 28*x - 9. Calculate q(-14).
-9
Let t(f) = f**3 - 6*f**2 - f - 2. Give t(7).
40
Let s(n) = 5*n + 15. What is s(-1)?
10
Let f(i) = i**3 - 14*i**2 + 9*i - 2. What is f(13)?
-54
Let n(h) = h**2 + 7*h - 6. Give n(-5).
-16
Let g(h) = h**3 + 6*h**2 - 8*h + 7. Calculate g(-4).
71
Let c(j) = 3*j + 9. What is c(-6)?
-9
Let c(l) = -3*l**2 - l + 1. Determine c(-2).
-9
Let p(k) = 6*k**2 + 10*k - 155. What is p(-6)?
1
Let h(b) = b**3 - 12*b**2 + 12*b - 1. What is h(10)?
-81
Let h(x) = -x**3 + 10*x**2 - 15*x + 48. What is h(10)?
-102
Let q(y) = -y**3 + 8*y**2 + 5*y - 10. Give q(4).
74
Let y(n) = -n**2 + 5*n + 10. Give y(6).
4
Let a(o) = -3*o**2 + 6*o + 10. What is a(-3)?
-35
Let v(u) = u**3 + 40*u**2 - 44*u - 150. Give v(-41).
-27
Let f(q) = q**2 + 28*q + 153. Determine f(-7).
6
Let r(t) = t**2 - 12*t - 6. Give r(9).
-33
Let y(l) = -2*l**2 + 43*l - 63. Give y(20).
-3
Let i(u) = -11*u - 79. Determine i(-6).
-13
Let i(q) = q - 1. What is i(4)?
3
Let n(x) = -x**3 - 5*x**2 + 2*x + 6. Calculate n(-5).
-4
Let n(o) = -o**3 - 9*o**2 - 2*o - 10. Calculate n(-9).
8
Let z(y) = -y**3 - 39*y**2 + 39*y - 31. Give z(-40).
9
Let q(z) = -z**3 - 2*z**2 + 2*z - 1. Give q(3).
-40
Let o(i) = 2*i**3 - 2*i**2 - 5*i + 3. Give o(3).
24
Let s(m) = -m**3 - 9*m**2 + 7*m. Calculate s(-10).
30
Let q(r) = r**3 - 4*r**2 + 7*r - 6. Determine q(2).
0
Let t(f) = f**2 - 2*f - 5. What is t(-4)?
19
Let t(a) = a**2 - 10*a + 16. What is t(7)?
-5
Let i(g) = 12*g**2 - 241*g + 13. What is i(20)?
-7
Let r(b) = b**2 - 13*b - 555. What is r(31)?
3
Let b(c) = c**2 - 4*c + 5. Give b(8).
37
Let x(g) = g**3 - 4*g**2 + 1. Give x(4).
1
Let n(v) = 2*v**2 + 15*v - 107. Determine n(-12).
1
Let f(i) = i + 5. Give f(-6).
-1
Let c(o) = -o**2 + 16*o - 30. Give c(13).
9
Let o(a) = -a**3 - 6*a**2 + 5. Calculate o(-6).
5
Let l(b) = -b**2 - 15*b + 15. What is l(1)?
-1
Let s(t) = t**3 + 13*t**2 + 13. What is s(-12)?
157
Let r(u) = 8*u**2 - 4*u - 13. Calculate r(-2).
27
Let u(v) = -3*v**2 - 13*v - 21. Calculate u(-5).
-31
Let w(k) = -7*k**3 - 3*k - 2. Determine w(-1).
8
Let j(s) = -3*s - 45. What is j(-13)?
-6
Let f(i) = 2*i**2 + 2*i - 51. Calculate f(6).
33
Let v(b) = 12*b - 100. Determine v(9).
8
Let y(i) = i**2 - 66*i + 412. Determine y(7).
-1
Let v(x) = -x**2 - 17*x - 9. What is v(-15)?
21
Let j(t) = -8*t**3 + t**2 - 2*t + 3. Determine j(1).
-6
Let w(v) = -2*v**2 - 14*v + 6. What is w(-8)?
-10
Let x(a) = -a**2 - 86*a - 1114. What is x(-70)?
6
Let k(d) = -d**2 + 19*d + 71. Calculate k(22).
5
Let x(a) = 2*a**2 + 8*a - 6. Calculate x(-6).
18
Let b(w) = -w**3 + 6*w + 1. Calculate b(3).
-8
Let b(v) = 19*v - 96. Determine b(5).
-1
Let o(s) = s**2 - 13*s + 41. What is o(9)?
5
Let y(c) = 2*c - 12. What is y(8)?
4
Let y(z) = 3*z**2 - z - 44. What is y(0)?
-44
Let u(j) = j**2 - 10*j + 15. Give u(7).
-6
Let r(y) = -y**3 + 2*y**2 - 2*y - 1. Determine r(2).
-5
Let s(p) = p + 20. Give s(1).
21
Let p(g) = g + 30. Determine p(-24).
6
Let u(m) = 5*m - 4. What is u(-2)?
-14
Let d(k) = -12*k - 2. Calculate d(-7).
82
Let i(j) = j**2 + 10*j + 6. What is i(0)?
6
Let u(i) = -3*i - 12. What is u(-9)?
15
Let z(i) = 2*i**2 - 18*i - 102. Give z(13).
2
Let k(o) = 4*o**3 - o**2 + 5*o - 3. Determine k(1).
5
Let r(a) = a + 20. What is r(9)?
29
Let a(o) = -o**2 + 3*o + 11. Give a(6).
-7
Let k(x) = -7*x + 37. Determine k(6).
-5
Let s(m) = 11*m - 372. Determine s(34).
2
Let r(k) = k + 1. What is r(-5)?
-4
Let v(g) = g**2 - 4*g - 8. Give v(7).
13
Let s(d) = 47*d**3 + 1. Calculate s(1).
48
Let l(i) = i**3 + 9*i**2 + 8*i - 10. What is l(-7)?
32
Let w(k) = 5*k - 6. Give w(2).
4
Let l(x) = x + 13. Determine l(-14).
-1
Let g(m) = -3*m**2 + 3*m. Give g(3).
-18
Let u(j) = j - 14. Give u(7).
-7
Let b(k) = -3*k - 1. Give b(0).
-1
Let g(l) = -2*l**2 + 33*l + 3. What is g(16)?
19
Let f(g) = g**2 - 2*g - 9. Determine f(-3).
6
Let h(a) = a**2 + 6*a - 9. What is h(-7)?
-2
Let o(w) = 5*w**2 + 42*w + 70. Determine o(-6).
-2
Let g(n) = 2*n + 4. Calculate g(-6).
-8
Let n(c) = c**2 - 8*c - 7. What is n(8)?
-7
Let v(i) = -i**3 + 3*i**2 + 21*i - 19. Give v(6).
-1
Let z(t) = 4*t + 3. Give z(-12).
-45
Let c(p) = 2*p**3 + 15*p**2 - 5*p - 3. Calculate c(-8).
-27
Let h(v) = 13*v + 19. Calculate h(-7).
-72
Let h(m) = -m**2 + 15*m + 18. Give h(14).
32
Let o(n) = -4*n + 30. Determine o(8).
-2
Let l(x) = -x**2 + 12*x. What is l(9)?
27
Let t(x) = 35*x**3 - x - 1. Calculate t(-1).
-35
Let d(m) = -m**3 + 12*m**2 + 8*m + 11. Give d(13).
-54
Let h(j) = 18*j - 8. What is h(3)?
46
Let m(i) = -5*i - 2. Determi